alse
Is 13 a factor of 973180?
True
Does 371 divide 1475838?
True
Is 1160869 a multiple of 18?
False
Does 99 divide 4090977?
True
Is 65 a factor of 7746563?
False
Is 1133540 a multiple of 722?
True
Does 15 divide 520245?
True
Does 41 divide 3864496?
True
Does 43 divide 318424?
False
Is 49 a factor of 306299?
True
Does 1311 divide 1548089?
False
Is 366137 a multiple of 197?
False
Is 8624352 a multiple of 1056?
True
Is 5438640 a multiple of 17?
True
Is 11 a factor of 308935?
True
Is 176 a factor of 667392?
True
Is 35 a factor of 33773?
False
Does 18 divide 189738?
True
Does 14 divide 3102235?
False
Is 67 a factor of 5046641?
True
Does 7 divide 2485000?
True
Is 3337548 a multiple of 131?
False
Does 10 divide 11058?
False
Is 59 a factor of 89090?
True
Is 5123663 even?
False
Is 39 a factor of 3824301?
True
Is 32 a factor of 4896?
True
Does 8 divide 403717?
False
Is 280432 a multiple of 10?
False
Does 606 divide 12411221?
False
Is 67 a factor of 298574?
False
Does 138 divide 106997?
False
Is 27 a factor of 220887?
True
Is 5 a factor of 5259597?
False
Is 138 a factor of 339066?
True
Does 64 divide 251392?
True
Is 5 a factor of 508890?
True
Is 518472 a multiple of 8?
True
Is 32308 a multiple of 82?
True
Does 340 divide 1036233?
False
Is 228 a factor of 495143?
False
Is 318 a factor of 697194?
False
Is 47 a factor of 4617224?
False
Does 30 divide 97500?
True
Is 347402 a multiple of 11?
True
Does 52 divide 2795637?
False
Does 198 divide 1090584?
True
Is 1059308 a multiple of 287?
False
Does 111 divide 1108391?
False
Is 66 a factor of 90552?
True
Does 593 divide 712924?
False
Does 4 divide 116497?
False
Is 10 a factor of 149959?
False
Is 110 a factor of 63140?
True
Is 62558 a multiple of 5?
False
Is 18 a factor of 8728065?
False
Does 63 divide 416340?
False
Does 8 divide 3983?
False
Does 11 divide 466158?
True
Is 101019 a multiple of 88?
False
Is 117 a factor of 786248?
False
Is 43 a factor of 17455807?
True
Is 721514 a multiple of 261?
False
Is 498 a factor of 112050?
True
Does 158 divide 6502237?
False
Does 72 divide 445176?
True
Is 13 a factor of 67795?
True
Does 69 divide 271719?
False
Is 75753 a multiple of 19?
True
Does 520 divide 1659320?
True
Is 661 even?
False
Is 419 a factor of 31069688?
True
Is 716040 a multiple of 13?
True
Is 6 a factor of 38473?
False
Is 6 a factor of 53203?
False
Is 10 a factor of 274620?
True
Does 53 divide 20963157?
False
Does 713 divide 1741146?
True
Is 283272 a multiple of 17?
False
Is 109516 a multiple of 91?
False
Is 69342 a multiple of 131?
False
Does 5 divide 453364?
False
Does 221 divide 81889?
False
Is 53 a factor of 424161?
False
Is 76 a factor of 39824?
True
Is 351 a factor of 10160397?
True
Does 89 divide 115344?
True
Is 789551 even?
False
Is 12443158 a multiple of 1274?
True
Is 2866439 a multiple of 13?
False
Is 6 a factor of 630132?
True
Does 115 divide 26346385?
True
Is 168048 a multiple of 54?
True
Does 798 divide 1730320?
False
Is 87 a factor of 1636731?
True
Is 32 a factor of 337888?
True
Is 623 a factor of 61677?
True
Is 87 a factor of 169068?
False
Is 1572300 a multiple of 45?
True
Is 190 a factor of 14079552?
False
Is 42 a factor of 40232?
False
Is 115102 a multiple of 26?
True
Is 525344 a multiple of 2?
True
Is 118 a factor of 146556?
True
Is 91124 a multiple of 405?
False
Is 36 a factor of 16404?
False
Is 2654890 a multiple of 70?
True
Does 77 divide 2800993?
False
Does 261 divide 22311?
False
Is 3842121 a multiple of 513?
False
Is 730405 a multiple of 14?
False
Is 40 a factor of 3636094?
False
Does 126 divide 278712?
True
Does 357 divide 2394042?
True
Does 19 divide 88233?
False
Is 110402 a multiple of 205?
False
Is 1215252 a multiple of 22?
False
Is 41004 a multiple of 9?
True
Does 57 divide 45886?
False
Is 270284 a multiple of 343?
True
Does 2 divide 17452?
True
Does 52 divide 348140?
True
Does 5 divide 1545020?
True
Is 51268 a multiple of 14?
True
Does 10 divide 325570?
True
Is 1086 a factor of 1733466?
False
Does 109 divide 5471116?
False
Is 311 a factor of 2874884?
True
Does 93 divide 170053?
False
Is 29 a factor of 3407810?
False
Does 263 divide 678014?
True
Does 49 divide 237861?
False
Does 11 divide 31617?
False
Does 84 divide 15569?
False
Is 1539658 a multiple of 158?
False
Is 224020 a multiple of 460?
True
Is 387 a factor of 6263997?
False
Does 92 divide 141680?
True
Is 343 a factor of 5057535?
True
Does 221 divide 6289088?
False
Does 25 divide 11262275?
True
Is 1141440 a multiple of 20?
True
Does 21 divide 233205?
True
Is 90 a factor of 137160?
True
Is 1115191 a multiple of 67?
False
Is 154528 a multiple of 878?
True
Is 226 a factor of 240318?
False
Is 562760 a multiple of 666?
False
Is 38 a factor of 87248?
True
Is 239 a factor of 1714155?
False
Is 5033814 a multiple of 6?
True
Is 611 a factor of 151528?
True
Does 194 divide 261276?
False
Is 258725 a multiple of 79?
True
Does 17 divide 547519?
True
Is 96235 a multiple of 19?
True
Is 1456266 a multiple of 436?
False
Is 267223 a multiple of 434?
False
Is 10 a factor of 5250?
True
Is 4 a factor of 3258558?
False
Is 88 a factor of 66716?
False
Is 142 a factor of 19286?
False
Is 42 a factor of 1467340?
False
Does 676 divide 3621332?
True
Is 90738 a multiple of 6?
True
Is 224 a factor of 137760?
True
Is 59340 a multiple of 51?
False
Is 271 a factor of 192681?
True
Is 21 a factor of 156219?
True
Is 61 a factor of 137183?
False
Is 4608629 a multiple of 98?
False
Is 194723 a multiple of 3?
False
Is 568523 a multiple of 87?
False
Is 239 a factor of 780711?
False
Is 8814534 a multiple of 102?
True
Does 59 divide 306163?
False
Does 9 divide 4035159?
True
Is 15180040 a multiple of 156?
False
Is 291 a factor of 1651962?
False
Does 146 divide 134246?
False
Is 1070 even?
True
Is 217328 a multiple of 3?
False
Is 178 a factor of 8427232?
True
Is 578409 a multiple of 180?
False
Is 179 a factor of 79389?
False
Is 715292 a multiple of 570?
False
Is 372164 a multiple of 14?
False
Does 4 divide 131922?
False
Is 33 a factor of 1379796?
True
Does 288 divide 517118?
False
Is 394121 a multiple of 13?
True
Does 1355 divide 7205716?
False
Is 337 a factor of 762532?
False
Is 3948303 a multiple of 723?
True
Is 106 a factor of 1042086?
True
Is 63 a factor of 17279748?
False
Is 2623220 a multiple of 31?
True
Is 642339 a multiple of 20?
False
Is 1301461 a multiple of 546?
False
Is 10 a factor of 2202390?
True
Does 13 divide 4330382?
False
Is 34650 a multiple of 33?
True
Does 21 divide 138807?
False
Is 32 a factor of 64992?
True
Is 17 a factor of 4605297?
False
Is 14036611 a multiple of 153?
False
Does 143 divide 481052?
True
Is 187 a factor of 484285?
False
Does 27 divide 1257459?
False
Does 18 divide 149538?
False
Is 295193 a multiple of 101?
False
Does 10 divide 150280?
True
Does 3 divide 281038?
False
Is 3593912 a multiple of 116?
True
Does 61 divide 2169404?
True
Does 254 divide 34409634?
True
Is 308235 a multiple of 3?
True
Does 20 divide 42541?
False
Is 17 a factor of 748239?
False
Does 24 divide 3386856?
True
Is 297 a factor of 193050?
True
Is 974237 a multiple of 660?
False
Is 120 a factor of 1099191?
False
Is 7414420 a multiple of 65?
True
Is 21040 a multiple of 4?
True
Is 3208633 a multiple of 54?
False
Is 4438 a multiple of 7?
True
Is 11 a factor of 60666?
False
Is 3495744 a multiple of 466?
False
Is 36 a factor of 180144?
True
Is 4566917 a multiple of 596?
False
Does 143 divide 82368?
True
Is 24073088 a multiple of 832?
True
Does 107 divide 149265?
True
Is 33 a factor of 165000?
True
Is 18 a factor of 493254?
True
Does 149 divide 5482008?
True
Is 32 a factor of 786240?
True
Does 332 divide 27556?
True
Is 106297 a multiple of 64?
False
Is 72 a factor of 40880?
False
Is 859 a factor of 2358814?
True
Does 72 divide 696229?
False
Is 98 a factor of 141096?
False
Is 41 a factor of 1206281?
False
Does 1123 divide 8744173?
False
Does 57 divide 7172001?
False
Is 1212 a factor of 4694266?
False
Is 4645330 a multiple of 1588?
False
Is 229 a factor of 57479?
True
Does 52 divide 251449?
False
Is 45 a factor of 2328885?
True
Does 7 divide 33859?
True
Is 36 a factor of 595268?
False
Is 35266385 a multiple of 19?
False
Is 3 a factor of 94407?
True
Is 14925976 a multiple of 52?
True
Is 1616844 a multiple of 12?
True
Is 281 a factor of 9827132?
True
Is 236 a factor of 624